 of 488772.
2, 3, 13577
List the prime factors of 330346.
2, 165173
What are the prime factors of 328044?
2, 3, 27337
What are the prime factors of 1883946?
2, 3, 313991
List the prime factors of 518178.
2, 3, 67, 1289
What are the prime factors of 24590?
2, 5, 2459
What are the prime factors of 2851460?
2, 5, 142573
List the prime factors of 25522.
2, 7, 1823
What are the prime factors of 3080781?
3, 11, 23, 41
List the prime factors of 1949306.
2, 974653
List the prime factors of 18442407.
3, 19, 17029
List the prime factors of 2372438.
2, 757, 1567
List the prime factors of 500430.
2, 3, 5, 7, 2383
What are the prime factors of 1618376?
2, 89, 2273
What are the prime factors of 2784667?
29, 131, 733
What are the prime factors of 3319613?
11, 23, 13121
List the prime factors of 6755921.
47, 143743
List the prime factors of 700509.
3, 239, 977
List the prime factors of 1391132.
2, 23, 15121
What are the prime factors of 11205870?
2, 3, 5, 13, 59, 487
List the prime factors of 35962398.
2, 3, 1997911
What are the prime factors of 905039?
359, 2521
What are the prime factors of 1014341?
1014341
What are the prime factors of 3701543?
3701543
What are the prime factors of 61510?
2, 5, 6151
What are the prime factors of 394153?
394153
What are the prime factors of 42529?
71, 599
What are the prime factors of 12519621?
3, 401, 3469
What are the prime factors of 14226390?
2, 3, 5, 158071
List the prime factors of 4146740.
2, 5, 13, 41, 389
List the prime factors of 296960.
2, 5, 29
List the prime factors of 4310287.
1361, 3167
List the prime factors of 195307.
7, 27901
What are the prime factors of 19862309?
19862309
What are the prime factors of 23629635?
3, 5, 19, 29, 953
List the prime factors of 148408.
2, 13, 1427
List the prime factors of 185042.
2, 11, 13, 647
What are the prime factors of 872877?
3, 290959
What are the prime factors of 745520?
2, 5, 9319
List the prime factors of 3983854.
2, 7, 284561
List the prime factors of 70595.
5, 7, 2017
List the prime factors of 149343.
3, 67, 743
List the prime factors of 21976217.
19, 1156643
List the prime factors of 1847677.
13, 29
What are the prime factors of 198853?
29, 6857
What are the prime factors of 32846?
2, 11, 1493
What are the prime factors of 5094152?
2, 7, 17, 5351
What are the prime factors of 328110?
2, 3, 5, 10937
What are the prime factors of 21331453?
11, 13, 71, 191
What are the prime factors of 125933?
125933
What are the prime factors of 824105?
5, 164821
List the prime factors of 1798218.
2, 3, 99901
What are the prime factors of 547055?
5, 23, 67, 71
List the prime factors of 3810207.
3, 727, 1747
What are the prime factors of 18640541?
18640541
What are the prime factors of 5836097?
19, 307163
What are the prime factors of 264886?
2, 29, 4567
What are the prime factors of 183969?
3, 20441
List the prime factors of 2195404.
2, 548851
What are the prime factors of 4449285?
3, 5, 98873
List the prime factors of 2201440.
2, 5, 13759
What are the prime factors of 17686162?
2, 13, 680237
List the prime factors of 132106.
2, 13, 5081
List the prime factors of 1973731.
1973731
What are the prime factors of 7806836?
2, 1951709
What are the prime factors of 81159?
3, 13, 2081
List the prime factors of 5591738.
2, 19, 147151
What are the prime factors of 21016?
2, 37, 71
What are the prime factors of 564536?
2, 7, 17, 593
List the prime factors of 1812997.
109, 16633
List the prime factors of 33838439.
3881, 8719
What are the prime factors of 15477851?
29, 533719
What are the prime factors of 236496?
2, 3, 13, 379
What are the prime factors of 548306?
2, 11, 24923
What are the prime factors of 299403?
3, 13, 853
List the prime factors of 7238436.
2, 3, 603203
List the prime factors of 1501547.
31, 48437
What are the prime factors of 8496441?
3, 109, 2887
List the prime factors of 1749699.
3, 7, 27773
What are the prime factors of 324767?
19, 17093
List the prime factors of 69313.
69313
What are the prime factors of 4341248?
2, 61, 139
What are the prime factors of 6322086?
2, 3, 59, 5953
What are the prime factors of 184140?
2, 3, 5, 11, 31
What are the prime factors of 2368795?
5, 11, 13, 3313
List the prime factors of 253490.
2, 5, 25349
What are the prime factors of 853753?
79, 101, 107
What are the prime factors of 13773092?
2, 239, 14407
What are the prime factors of 615875?
5, 13, 379
What are the prime factors of 826806?
2, 3, 41, 3361
List the prime factors of 19223172.
2, 3, 29, 18413
What are the prime factors of 4479407?
31, 144497
What are the prime factors of 8622806?
2, 4311403
What are the prime factors of 126881?
181, 701
What are the prime factors of 3159026?
2, 13, 121501
List the prime factors of 1815125.
5, 13, 1117
List the prime factors of 176224.
2, 5507
What are the prime factors of 22311647?
73, 305639
List the prime factors of 119685.
3, 5, 79, 101
List the prime factors of 3911362.
2, 7, 13, 21491
What are the prime factors of 171548?
2, 13, 3299
List the prime factors of 112775.
5, 13, 347
What are the prime factors of 281296?
2, 17581
What are the prime factors of 33024289?
83, 163, 2441
List the prime factors of 3266744.
2, 13, 101, 311
What are the prime factors of 13417421?
37, 362633
List the prime factors of 788747.
19, 41513
What are the prime factors of 3164038?
2, 1582019
What are the prime factors of 41588?
2, 37, 281
What are the prime factors of 12045520?
2, 5, 17, 521
List the prime factors of 7845569.
47, 79, 2113
What are the prime factors of 201464?
2, 25183
What are the prime factors of 117830?
2, 5, 11783
List the prime factors of 1190743.
1190743
List the prime factors of 4174094.
2, 2087047
List the prime factors of 323770.
2, 5, 32377
List the prime factors of 2710383.
3, 13, 69497
What are the prime factors of 40951950?
2, 3, 5, 13, 21001
What are the prime factors of 4459386?
2, 3, 67, 11093
List the prime factors of 69102.
2, 3, 11, 349
What are the prime factors of 3326706?
2, 3, 29, 6373
What are the prime factors of 328266?
2, 3, 6079
List the prime factors of 925266.
2, 3, 154211
What are the prime factors of 34027?
7, 4861
List the prime factors of 29294706.
2, 3, 7, 17, 89, 461
What are the prime factors of 126131?
126131
What are the prime factors of 9236286?
2, 3, 131, 3917
What are the prime factors of 807993?
3, 17, 5281
What are the prime factors of 879498?
2, 3, 61, 89
What are the prime factors of 58330?
2, 5, 19, 307
List the prime factors of 33620015.
5, 11, 13, 3617
List the prime factors of 15458.
2, 59, 131
List the prime factors of 886556.
2, 11, 20149
List the prime factors of 268491.
3, 31, 2887
What are the prime factors of 373664?
2, 11677
List the prime factors of 1822784.
2, 19, 1499
List the prime factors of 1318746.
2, 3, 11, 13, 29, 53
What are the prime factors of 158802?
2, 3, 7, 19, 199
List the prime factors of 7439321.
2131, 3491
List the prime factors of 11643265.
5, 2328653
List the prime factors of 584999.
584999
List the prime factors of 209957.
11, 19087
List the prime factors of 442894.
2, 221447
What are the prime factors of 131930?
2, 5, 79, 167
What are the prime factors of 8889194?
2, 193, 23029
What are the prime factors of 14456645?
5, 7, 29, 14243
What are the prime factors of 667543?
103, 6481
List the prime factors of 12189.
3, 17, 239
List the prime factors of 1625136.
2, 3, 33857
List the prime factors of 3828409.
13, 317, 929
List the prime factors of 48862.
2, 11, 2221
What are the prime factors of 350733?
3, 116911
What are the prime factors of 6111884?
2, 1527971
What are the prime factors of 5675751?
3, 23357
What are the prime factors of 810470?
2, 5, 81047
What are the prime factors of 18408773?
17, 43, 25183
What are the prime factors of 5136671?
1103, 4657
What are the prime factors of 1121384?
2, 11, 12743
List the prime factors of 1556618.
2, 7, 111187
What are the prime factors of 265888?
2, 7, 1187
What are the prime factors of 12063913?
29, 47, 53, 167
What are the prime factors of 131340?
2, 3, 5, 11, 199
What are the prime factors of 124370?
2, 5, 12437
List the prime factors of 30070437.
3, 593, 16903
What are the prime factors of 43195?
5, 53, 163
List the prime factors of 869802.
2, 3, 144967
List the prime factors of 202076.
2, 7, 1031
What are the prime fac